8d
-8553 (base 10) to base 14
-318d
What is 163 (base 12) in base 7?
432
1001011010 (base 2) to base 12
422
Convert 10365 (base 9) to base 7.
26003
-1c57 (base 13) to base 4
-1003021
-419 (base 13) to base 9
-855
-12020020 (base 3) to base 10
-3813
Convert 79 (base 16) to base 14.
89
What is 101146 (base 9) in base 14?
17b89
What is 1925 (base 14) in base 4?
1012331
-10705 (base 8) to base 2
-1000111000101
Convert -10202011 (base 3) to base 5.
-41411
113142 (base 5) to base 4
1001030
What is -2221 (base 8) in base 10?
-1169
What is -124121 (base 5) in base 4?
-1030233
What is -221111 (base 4) in base 14?
-d6d
1404313 (base 5) to base 16
7024
Convert 1075 (base 8) to base 14.
2cd
-131010 (base 4) to base 16
-744
469 (base 14) to base 13
526
Convert 1b (base 15) to base 16.
1a
What is 83a1 (base 13) in base 14?
68d0
-20002022 (base 3) to base 12
-2698
What is 1157 (base 15) in base 3?
12001101
-20354 (base 6) to base 8
-5256
-611 (base 8) to base 3
-112120
What is -10001010001110 (base 2) in base 14?
-331c
Convert 516 (base 13) to base 9.
1160
-12311 (base 4) to base 3
-121012
What is -10ad (base 16) in base 15?
-13e9
What is 185 (base 9) in base 8?
236
-341 (base 15) to base 4
-23200
Convert -1c99 (base 13) to base 8.
-10377
Convert -1a0c3 (base 13) to base 5.
-3110230
What is 2b7a (base 14) in base 11?
5908
Convert 2063 (base 8) to base 13.
649
What is -10113 (base 5) in base 14?
-350
Convert -24115 (base 6) to base 12.
-203b
Convert 11220 (base 8) to base 5.
123002
What is 2408 (base 10) in base 2?
100101101000
-1002 (base 12) to base 15
-7a5
What is 22100 (base 3) in base 14?
121
Convert -962 (base 10) to base 16.
-3c2
Convert -40013 (base 5) to base 11.
-1980
Convert 11001100111 (base 2) to base 7.
4531
-2456 (base 8) to base 14
-6aa
Convert -212202010 (base 3) to base 13.
-7b57
35404 (base 7) to base 9
13451
-279 (base 14) to base 8
-763
-2616 (base 13) to base 6
-41043
Convert -2040 (base 10) to base 11.
-1595
Convert -377 (base 16) to base 6.
-4035
What is -7717 (base 11) in base 8?
-23706
23a (base 14) to base 15
1e9
Convert a2d7 (base 16) to base 12.
2015b
110000000100110 (base 2) to base 13
b285
Convert -11011100 (base 2) to base 8.
-334
b31 (base 16) to base 10
2865
262 (base 11) to base 3
102111
Convert 284c (base 13) to base 3.
21222012
-4860 (base 11) to base 2
-1100011010110
3135 (base 6) to base 13
425
What is -1000100100001 (base 2) in base 12?
-2655
7b44 (base 16) to base 4
13231010
Convert -75 (base 10) to base 3.
-2210
-ec (base 16) to base 8
-354
-106521 (base 7) to base 13
-8922
What is 12506 (base 9) in base 2?
10000011101110
214 (base 6) to base 8
122
c5d (base 16) to base 14
1221
1c75 (base 15) to base 11
4713
What is -510 (base 7) in base 8?
-374
1010010 (base 3) to base 16
32d
Convert 10134 (base 7) to base 3.
10101200
Convert -1011101100101 (base 2) to base 15.
-1b94
What is -95 (base 15) in base 10?
-140
101100001000 (base 2) to base 11
2138
9520 (base 15) to base 11
21764
-1010341 (base 5) to base 6
-203402
4771 (base 13) to base 6
114331
cc (base 15) to base 2
11000000
-10353 (base 6) to base 11
-1097
Convert 14761 (base 10) to base 16.
39a9
700 (base 10) to base 7
2020
What is -33344 (base 10) in base 11?
-23063
Convert 41050 (base 7) to base 5.
304412
Convert 589 (base 11) to base 10.
702
What is -490 (base 15) in base 16?
-40b
178 (base 15) to base 7
662
33242 (base 5) to base 14
bbc
What is 24355 (base 6) in base 5?
103344
What is 6975 (base 10) in base 12?
4053
Convert -59173 (base 10) to base 16.
-e725
-73436 (base 8) to base 4
-13130132
What is -30143 (base 6) in base 12?
-2353
What is -762 (base 8) in base 13?
-2c4
Convert -345 (base 7) to base 5.
-1210
What is -1120020 (base 3) in base 8?
-2164
Convert -774f (base 16) to base 14.
-b1b9
What is 254520 (base 7) in base 13?
18678
What is 147 (base 12) in base 7?
403
Convert -1039 (base 11) to base 6.
-10205
What is -6605 (base 14) in base 12?
-a265
What is -210121 (base 4) in base 13?
-10a2
Convert -30131 (base 4) to base 6.
-3405
What is -1411 (base 7) in base 11?
-458
Convert 154335 (base 7) to base 8.
73225
Convert 212 (base 12) to base 10.
302
3214 (base 9) to base 8
4472
-221053 (base 6) to base 3
-221020020
-93a (base 12) to base 7
-3625
What is 1075 (base 14) in base 16?
b1f
478 (base 11) to base 9
702
Convert 100 (base 7) to base 8.
61
1413430 (base 5) to base 15
89e5
What is c687 (base 15) in base 12?
20361
What is 110010001011 (base 2) in base 5?
100321
-240534 (base 6) to base 15
-630d
What is -32441 (base 6) in base 3?
-20011021
1111333 (base 4) to base 6
41251
Convert 769 (base 16) to base 9.
2537
-15f8 (base 16) to base 4
-1113320
Convert 2430 (base 9) to base 5.
24214
15060 (base 7) to base 4
1000332
What is -212101 (base 3) in base 11?
-524
What is -510 (base 15) in base 7?
-3216
What is -a35 (base 13) in base 12?
-1006
Convert -126622 (base 9) to base 4.
-102303323
What is -27854 (base 9) in base 10?
-18922
Convert 2100001012 (base 3) to base 15.
d93e
What is 47a (base 11) in base 10?
571
5234 (base 7) to base 8
3456
What is 102202 (base 3) in base 13?
1b5
What is 14305 (base 6) in base 10?
2273
Convert 12541 (base 6) to base 3.
2122121
Convert -6 (base 13) to base 9.
-6
Convert 146 (base 8) to base 12.
86
What is 47368 (base 9) in base 13?
1153a
What is 11101100000011 (base 2) in base 4?
3230003
What is -554 (base 11) in base 2?
-1010011000
2565 (base 8) to base 2
10101110101
Convert 183 (base 11) to base 13.
134
What is 449 (base 11) in base 2?
1000011001
What is -5511 (base 7) in base 10?
-1968
What is -213666 (base 8) in base 9?
-118202
What is 7240 (base 9) in base 2?
1010010110101
926b (base 12) to base 14
5b35
What is -318 (base 11) in base 4?
-11332
91b (base 13) to base 14
7c5
-398 (base 11) to base 4
-13112
Convert 100111010100 (base 2) to base 3.
10110012
Convert -18a98 (base 13) to base 3.
-2102210000
-259 (base 11) to base 4
-10302
What is -448 (base 16) in base 7?
-3124
What is -2349 (base 10) in base 13?
-10b9
-216 (base 7) to base 8
-157
What is 4524 (base 8) in base 12?
1470
21366 (base 7) to base 9
7283
Convert -7820 (base 16) to base 4.
-13200200
-1010120210 (base 3) to base 13
-a1c1
-2102122020 (base 3) to base 9
-72566
What is -129a (base 16) in base 11?
-363a
Convert 101100102 (base 4) to base 13.
26226
What is -131 (base 11) in base 4?
-2123
What is -3b1 (base 13) in base 8?
-1213
-551 (base 12) to base 10
-781
Convert 10002 (base 4) to base 14.
146
Convert 11011001 (base 2) to base 4.
3121
-132516 (base 7) to base 15
-75d9
-12212022 (base 3) to base 4
-1002302
-3674 (base 10) to base 9
-5032
5347 (base 9) to base 16
f5b
-e (base 16) to base 6
-22
What is 1101001 (base 2) in base 5?
410
What is 84 (base 11) in base 7?
161
2d62 (base 14) to base 5
224442
112 (base 16) to base 12
1aa
Convert -32045 (base 9) to base 13.
-9845
Convert -120230 (base 4) to base 15.
-705
-14e (base 15) to base 5
-2144
What is -888 (base 10) in base 3?
-1012220
What is -14574 (base 8) in base 9?
-8848
Convert 10010010001 (base 2) to base 9.
1538
-3961 (base 10) to base 9
-5381
What is -100 (base 12) in base 9?
-170
Convert 3285 (base 15) to base 4.
2213030
Convert -200111 (base 3) to base 9.
-614
What is 6987 (base 15) in base 11?
15916
-1014103 (base 5) to base 6
-205402
What is 1655 (base 11) in base 14?
ab3
Convert -10100011010001 (base 2) to base 11.
-793a
What is 1110000011011 (base 2) in base 6?
53151
-250a (base 12) to base 13
-1ba0
52000 (base 6) to base 13
31b9
Convert -42644 (base 7) to base 16.
-2978
Convert 11012001 (base 3) to base 10.
3052
What is -1484 (base 9) in base 10?
-1129
Convert 402a4 (base 11) to base 12.
2a120
Convert 141512 (base 6) to base 12.
7898
132a5 (base 15) to base 3
10010011102
Convert -616 (base 10) to base 3.
-211211
-371 (base 8) to base 13
-162
Convert 1111111100101 (base 2) to base 8.
17745
213222 (base 4) to base 3
10111000
What is 1116 (base 13) in base 15?
a90
What is 2450 (base 8) in base 13?
7a7
-100121002 (base 3) to base 11
-528a
Convert 75a (base 15) to base 10.
1660
-63513 (base 10) to base 11
-4379a
Convert 111001110101 (base 2) to base 15.
116b
What is 1011101100 (base 2) in base 7?
2116
10011111001 (base 2) to base 14
66d
492 (base 11) to base 12
409
What is -a671 (base 13) in base 2?
-1